{"id":858,"date":"2024-12-02T16:39:27","date_gmt":"2024-12-02T16:39:27","guid":{"rendered":"https:\/\/rheumatologie-am-rosenberg.ch\/?page_id=858"},"modified":"2026-03-27T07:27:07","modified_gmt":"2026-03-27T07:27:07","slug":"karriere","status":"publish","type":"page","link":"https:\/\/rheumatologie-am-rosenberg.ch\/?page_id=858","title":{"rendered":"Karriere"},"content":{"rendered":"\n<div class=\"is-layout-flow wp-block-group alignfull has-white-background-color has-text-color has-background\" style=\"color:#000000\"><div class=\"wp-block-group__inner-container\">\n<p class=\"has-text-align-left has-white-color has-text-color has-background has-medium-font-size\" style=\"background-color:#0b7a8f;line-height:.9\"><strong>WIR SUCHEN<\/strong><\/p>\n\n\n\n<div class=\"is-layout-constrained wp-block-group has-background\" style=\"background-color:#f2eee9\"><div class=\"wp-block-group__inner-container\">\n<h2 class=\"has-text-align-left has-text-color has-background has-medium-font-size\" id=\"schedule-a-visit\" style=\"color:#203854;background-color:#f2eee9;line-height:1.15\"><strong>Fach\u00e4rztin* Rheumatologie<\/strong><\/h2>\n\n\n\n<div class=\"is-horizontal is-content-justification-center is-layout-flex wp-container-1 wp-block-buttons\">\n<div class=\"wp-block-button\"><a class=\"wp-block-button__link has-text-color has-background wp-element-button\" href=\"http:\/\/rheumatologie-am-rosenberg.ch\/wp-content\/uploads\/2026\/03\/IRSZ-Stellenausschreibung.pdf\" style=\"border-radius:50px;color:#ffffff;background-color:#0b7a8f\">zum Jobangebot<\/a><\/div>\n<\/div>\n<\/div><\/div>\n\n\n\n<div style=\"height:10px\" aria-hidden=\"true\" class=\"wp-block-spacer\"><\/div>\n\n\n\n<div class=\"is-layout-constrained wp-block-group has-background\" style=\"background-color:#f2eee9\"><div class=\"wp-block-group__inner-container\">\n<h2 class=\"has-text-align-left has-text-color has-background has-medium-font-size\" id=\"schedule-a-visit\" style=\"color:#203854;background-color:#f2eee9;line-height:1.15\"><strong>\u00c4rztin* mit interdisziplin\u00e4rem Schwerpunkt \u00abInterventionelle Schmerztherapie\u00bb<br>SSIPM<\/strong><\/h2>\n\n\n\n<div class=\"is-horizontal is-content-justification-center is-layout-flex wp-container-3 wp-block-buttons\">\n<div class=\"wp-block-button\"><a class=\"wp-block-button__link has-text-color has-background wp-element-button\" href=\"http:\/\/rheumatologie-am-rosenberg.ch\/wp-content\/uploads\/2026\/03\/IRSZ-Stellenausschreibung.pdf\" style=\"border-radius:50px;color:#ffffff;background-color:#0b7a8f\">zum Jobangebot<\/a><\/div>\n<\/div>\n<\/div><\/div>\n\n\n\n<div style=\"height:10px\" aria-hidden=\"true\" class=\"wp-block-spacer\"><\/div>\n\n\n\n<div class=\"is-layout-constrained wp-block-group has-background\" style=\"background-color:#f2eee9\"><div class=\"wp-block-group__inner-container\">\n<h2 class=\"has-text-align-left has-text-color has-background has-medium-font-size\" id=\"schedule-a-visit\" style=\"color:#203854;background-color:#f2eee9;line-height:1.15\"><strong>\u00c4rztin* mit interdisziplin\u00e4rem Schwerpunkt \u00abManuelle Medizin\u00bb SAMM<\/strong><\/h2>\n\n\n\n<div class=\"is-horizontal is-content-justification-center is-layout-flex wp-container-5 wp-block-buttons\">\n<div class=\"wp-block-button\"><a class=\"wp-block-button__link has-text-color has-background wp-element-button\" href=\"http:\/\/rheumatologie-am-rosenberg.ch\/wp-content\/uploads\/2026\/03\/IRSZ-Stellenausschreibung.pdf\" style=\"border-radius:50px;color:#ffffff;background-color:#0b7a8f\">zum Jobangebot<\/a><\/div>\n<\/div>\n<\/div><\/div>\n\n\n\n<div style=\"height:10px\" aria-hidden=\"true\" class=\"wp-block-spacer\"><\/div>\n\n\n\n<div class=\"is-layout-constrained wp-block-group has-background\" style=\"background-color:#f2eee9\"><div class=\"wp-block-group__inner-container\">\n<h2 class=\"has-text-align-left has-text-color has-background has-medium-font-size\" id=\"schedule-a-visit\" style=\"color:#203854;background-color:#f2eee9;line-height:1.15\"><strong>\u00c4rztin* mit F\u00e4higkeitsausweis \u00abSonografie Bewegungsapparat\u00bb SGUM<\/strong><\/h2>\n\n\n\n<div class=\"is-horizontal is-content-justification-center is-layout-flex wp-container-7 wp-block-buttons\">\n<div class=\"wp-block-button\"><a class=\"wp-block-button__link has-text-color has-background wp-element-button\" href=\"http:\/\/rheumatologie-am-rosenberg.ch\/wp-content\/uploads\/2026\/03\/IRSZ-Stellenausschreibung.pdf\" style=\"border-radius:50px;color:#ffffff;background-color:#0b7a8f\">zum Jobangebot<\/a><\/div>\n<\/div>\n<\/div><\/div>\n\n\n\n<div style=\"height:10px\" aria-hidden=\"true\" class=\"wp-block-spacer\"><\/div>\n\n\n\n<div class=\"is-layout-constrained wp-block-group has-background\" style=\"background-color:#f2eee9\"><div class=\"wp-block-group__inner-container\">\n<h2 class=\"has-text-align-left has-text-color has-background has-medium-font-size\" id=\"schedule-a-visit\" style=\"color:#203854;background-color:#f2eee9;line-height:1.15\"><strong>\u00c4rztin* mit interdisziplin\u00e4rem Schwerpunkt \u00abPsychosomatische &amp;<br>Psychosoziale Medizin\u00bb SAPPM<\/strong><\/h2>\n\n\n\n<div class=\"is-horizontal is-content-justification-center is-layout-flex wp-container-9 wp-block-buttons\">\n<div class=\"wp-block-button\"><a class=\"wp-block-button__link has-text-color has-background wp-element-button\" href=\"http:\/\/rheumatologie-am-rosenberg.ch\/wp-content\/uploads\/2026\/03\/IRSZ-Stellenausschreibung.pdf\" style=\"border-radius:50px;color:#ffffff;background-color:#0b7a8f\">zum Jobangebot<\/a><\/div>\n<\/div>\n<\/div><\/div>\n<\/div><\/div>\n","protected":false},"excerpt":{"rendered":"<p>WIR SUCHEN Fach\u00e4rztin* Rheumatologie \u00c4rztin* mit interdisziplin\u00e4rem Schwerpunkt \u00abInterventionelle Schmerztherapie\u00bbSSIPM \u00c4rztin* mit interdisziplin\u00e4rem Schwerpunkt \u00abManuelle Medizin\u00bb SAMM \u00c4rztin* mit F\u00e4higkeitsausweis \u00abSonografie Bewegungsapparat\u00bb SGUM \u00c4rztin* mit interdisziplin\u00e4rem Schwerpunkt \u00abPsychosomatische &amp;Psychosoziale Medizin\u00bb SAPPM<\/p>\n","protected":false},"author":1,"featured_media":0,"parent":0,"menu_order":0,"comment_status":"closed","ping_status":"closed","template":"","meta":[],"_links":{"self":[{"href":"https:\/\/rheumatologie-am-rosenberg.ch\/index.php?rest_route=\/wp\/v2\/pages\/858"}],"collection":[{"href":"https:\/\/rheumatologie-am-rosenberg.ch\/index.php?rest_route=\/wp\/v2\/pages"}],"about":[{"href":"https:\/\/rheumatologie-am-rosenberg.ch\/index.php?rest_route=\/wp\/v2\/types\/page"}],"author":[{"embeddable":true,"href":"https:\/\/rheumatologie-am-rosenberg.ch\/index.php?rest_route=\/wp\/v2\/users\/1"}],"replies":[{"embeddable":true,"href":"https:\/\/rheumatologie-am-rosenberg.ch\/index.php?rest_route=%2Fwp%2Fv2%2Fcomments&post=858"}],"version-history":[{"count":14,"href":"https:\/\/rheumatologie-am-rosenberg.ch\/index.php?rest_route=\/wp\/v2\/pages\/858\/revisions"}],"predecessor-version":[{"id":1422,"href":"https:\/\/rheumatologie-am-rosenberg.ch\/index.php?rest_route=\/wp\/v2\/pages\/858\/revisions\/1422"}],"wp:attachment":[{"href":"https:\/\/rheumatologie-am-rosenberg.ch\/index.php?rest_route=%2Fwp%2Fv2%2Fmedia&parent=858"}],"curies":[{"name":"wp","href":"https:\/\/api.w.org\/{rel}","templated":true}]}}