{"id":210,"date":"2019-11-18T07:20:33","date_gmt":"2019-11-18T07:20:33","guid":{"rendered":"http:\/\/rheumatologie-am-rosenberg.ch\/?page_id=210"},"modified":"2025-10-30T14:24:47","modified_gmt":"2025-10-30T14:24:47","slug":"dr-frauendorf","status":"publish","type":"page","link":"https:\/\/rheumatologie-am-rosenberg.ch\/?page_id=210","title":{"rendered":"Dr. med. Holger Frauendorf"},"content":{"rendered":"\n<figure class=\"wp-block-image size-large is-resized\"><img loading=\"lazy\" decoding=\"async\" src=\"https:\/\/rheumatologie-am-rosenberg.ch\/wp-content\/uploads\/2025\/10\/Holger_Frauendorf_cropped-763x1024.jpg\" alt=\"\" class=\"wp-image-1045\" width=\"373\" height=\"500\" srcset=\"https:\/\/rheumatologie-am-rosenberg.ch\/wp-content\/uploads\/2025\/10\/Holger_Frauendorf_cropped-763x1024.jpg 763w, https:\/\/rheumatologie-am-rosenberg.ch\/wp-content\/uploads\/2025\/10\/Holger_Frauendorf_cropped-223x300.jpg 223w, https:\/\/rheumatologie-am-rosenberg.ch\/wp-content\/uploads\/2025\/10\/Holger_Frauendorf_cropped-768x1031.jpg 768w, https:\/\/rheumatologie-am-rosenberg.ch\/wp-content\/uploads\/2025\/10\/Holger_Frauendorf_cropped-1144x1536.jpg 1144w, https:\/\/rheumatologie-am-rosenberg.ch\/wp-content\/uploads\/2025\/10\/Holger_Frauendorf_cropped-1525x2048.jpg 1525w, https:\/\/rheumatologie-am-rosenberg.ch\/wp-content\/uploads\/2025\/10\/Holger_Frauendorf_cropped.jpg 1535w\" sizes=\"auto, (max-width: 373px) 100vw, 373px\" \/><\/figure>\n\n\n<p><strong>Kontakt: <\/strong><br data-rich-text-line-break=\"true\"><span style=\"text-align: left; color: #333333; text-transform: none; line-height: 1.8; text-indent: 0px; letter-spacing: normal; font-family: 'Libre Franklin','Helvetica Neue',helvetica,arial,sans-serif; font-size: inherit; font-style: normal; font-variant: normal; font-weight: 400; text-decoration: none; word-spacing: 0px; float: none; display: inline !important; white-space: pre-wrap; orphans: 2; background-color: #ffffff; -webkit-text-stroke-width: 0px;\">Tel.: +41 71 223 15 10 oder E-Mail: <a href=\"mailto:holger.frauendorf@hin.ch\">holger.frauendorf@hin.ch<\/a><\/span><\/p>\n\n\n<div class=\"wp-block-cover is-light\"><span aria-hidden=\"true\" class=\"wp-block-cover__background has-background-dim-100 has-background-dim\" style=\"background-color:#f2eee9\"><\/span><div class=\"wp-block-cover__inner-container is-layout-flow wp-block-cover-is-layout-flow\">\n<div class=\"wp-block-group\"><div class=\"wp-block-group__inner-container is-layout-constrained wp-block-group-is-layout-constrained\">\n<p class=\"has-background\" style=\"background-color:#f2eee9\"><strong>Aufgrund der anhaltend hohen Auslastung in der entz\u00fcndlichen Rheumatologie und den daraus folgenden zu langen Wartezeiten f\u00fcr die bereits betreuten Patientinnen und Patienten bin ich leider immer noch gezwungen, keine weiteren Zuweisungen mehr entgegenzunehmen.<\/strong><br><br><strong>Es besteht aber weiterhin die M\u00f6glichkeit, Direktzuweisungen an folgende Fach\u00e4rztinnen und Fach\u00e4rzte vorzunehmen:<\/strong><br><br><a href=\"https:\/\/rheumatologie-am-rosenberg.ch\/?page_id=954\" data-type=\"page\" data-id=\"954\"><strong>Dr. med. univ. Judit H\u00e1mori<\/strong> <\/a><br>Schwerpunkt:<br>&#8211; Entz\u00fcndliche Rheumatologie<br><br><a rel=\"noreferrer noopener\" href=\"http:\/\/rheumatologie-am-rosenberg.ch\/wp-content\/uploads\/2020\/12\/Falzflyer_Mesotherapie_A6_5_V4.pdf\" data-type=\"URL\" data-id=\"http:\/\/rheumatologie-am-rosenberg.ch\/wp-content\/uploads\/2020\/12\/Falzflyer_Mesotherapie_A6_5_V4.pdf\" target=\"_blank\"><strong>Dr. med. univ. Florian Novak<\/strong><br><\/a>Schwerpunkt: <br> &#8211; Orthop\u00e4dische Schmerztherapie<br><br><strong><a href=\"https:\/\/rheumatologie-am-rosenberg.ch\/?page_id=339\">Dr. med. Simon St\u00e4dler<\/a><\/strong><br>Schwerpunkt: <br>&#8211; Interventionelle Schmerztherapie, Manuelle Medizin sowie spez. Ultraschalldiagnostik<\/p>\n<\/div><\/div>\n<\/div><\/div>\n\n\n\n<h2 class=\"wp-block-heading\"><strong>Curriculum Vitae<\/strong><\/h2>\n\n\n\n<h2 class=\"wp-block-heading\"><strong>Berufliche T\u00e4tigkeiten<\/strong><\/h2>\n\n\n\n<p><span class=\"resume-year\">seit 2021<\/span> Rheumatologie am Rosenberg AG &#8211; St. Gallen<\/p>\n\n\n\n<p><span class=\"resume-year\">seit 2019<\/span> Belegarzt Klinik Stephanshorn &#8211;  St. Gallen<\/p>\n\n\n\n<p><span class=\"resume-year\">seit 2008<\/span> Institut f\u00fcr Sozialmedizinische Begutachtungen &#8211; Lubmin (D)<\/p>\n\n\n\n<p><span class=\"resume-year\">2017-2020<\/span> Praxis &#8211; Rheumatologie am Rosenberg &#8211; St. Gallen<\/p>\n\n\n\n<p><span class=\"resume-year\">2017-2019<\/span> Klinik St. Katharinental, Diessenhofen <\/p>\n\n\n\n<p><span class=\"resume-year\">2015-2017<\/span> Kliniken Valens, Walenstadtberg, Walzenhausen <\/p>\n\n\n\n<p><span class=\"resume-year\">2012\u20132015<\/span> Kantonsspital St. Gallen <\/p>\n\n\n\n<p><span class=\"resume-year\">2009\u20132012<\/span> Medigreif Parkklinik, Greifswald (D) <\/p>\n\n\n\n<p><span class=\"resume-year\">2008\u20132009<\/span> Rehaklinik Usedom, Heringsdorf (D)<\/p>\n\n\n\n<p><span class=\"resume-year\">2003-2008<\/span> Universit\u00e4tsklinikum Greifswald (D)<\/p>\n\n\n\n<p><span class=\"resume-year\">2002\u20132003<\/span> Diakonissenkrankenhaus Karlsruhe-R\u00fcppurr (D)<\/p>\n\n\n\n<p><span class=\"resume-year\">2000\u20132002<\/span> Klinik Falkenburg Bad Herrenalb (D)<\/p>\n\n\n\n<p><span class=\"resume-year\">1998\u20132000<\/span> St. Rochus Klinik Bad Sch\u00f6nborn (D)<\/p>\n\n\n\n<h2 class=\"wp-block-heading\"><strong>Aus- und Weiterbildung <\/strong><\/h2>\n\n\n\n<p><span class=\"resume-year\">2021<\/span> F\u00e4higkeitsausweis Vertrauensarzt (SGV)<\/p>\n\n\n\n<p><span class=\"resume-year\">2016<\/span> FMH Rheumatologie (SGR)<\/p>\n\n\n\n<p><span class=\"resume-year\">2016<\/span> FA Delegierte Psychotherapie (FMPP) <\/p>\n\n\n\n<p><span class=\"resume-year\">2013<\/span> FA Psychosomatische und Psychosoziale Medizin (SAPPM) <\/p>\n\n\n\n<p><span class=\"resume-year\">2012<\/span> FA Interventionelle Schmerztherapie (SSIPM) <\/p>\n\n\n\n<p><span class=\"resume-year\">2010<\/span> Osteologe (DVO) <\/p>\n\n\n\n<p><span class=\"resume-year\">2009<\/span> SP Rheumatologie (Orthop\u00e4die) (D)<\/p>\n\n\n\n<p><span class=\"resume-year\">2008<\/span> Orthop\u00e4die<\/p>\n\n\n\n<p><span class=\"resume-year\">2008<\/span> Fachkunde Sonographie der St\u00fctz- und Bewegungsorgane\n(DEGUM) <\/p>\n\n\n\n<p><span class=\"resume-year\">2007<\/span> Akupunktur \/ TCM (DGfAN \/ D\u00c4GFA \/ ASA) <\/p>\n\n\n\n<p><span class=\"resume-year\">2006<\/span> Naturheilverfahren (D) <\/p>\n\n\n\n<p><span class=\"resume-year\">2005<\/span> Sozialmedizin (D)<\/p>\n\n\n\n<p><span class=\"resume-year\">2004<\/span> Physikalische und Rehabilitative Medizin (DGPMR \/ SGPMR)<\/p>\n\n\n\n<p><span class=\"resume-year\">2003<\/span> Fachkunde Rettungsdienst \/ Notfallmedizin (D) <\/p>\n\n\n\n<p><span class=\"resume-year\">2002<\/span> Sportmedizin (D) <\/p>\n\n\n\n<p><span class=\"resume-year\">2001<\/span> Chirotherapie \/ Manuelle Medizin (MWE \/ SAMM) <\/p>\n\n\n\n<p><span class=\"resume-year\">2000<\/span> Fachkunde Strahlenschutz<\/p>\n\n\n<p><!--EndFragment--><\/p>","protected":false},"excerpt":{"rendered":"<p>Kontakt: Tel.: +41 71 223 15 10 oder E-Mail: holger.frauendorf@hin.ch Curriculum Vitae Berufliche T\u00e4tigkeiten seit 2021 Rheumatologie am Rosenberg AG &#8211; St. Gallen seit 2019 Belegarzt Klinik Stephanshorn &#8211; St. Gallen seit 2008 Institut f\u00fcr Sozialmedizinische Begutachtungen &#8211; Lubmin (D) 2017-2020 Praxis &#8211; Rheumatologie am Rosenberg &#8211; St. Gallen 2017-2019 Klinik St. Katharinental, Diessenhofen 2015-2017 &hellip; <\/p>\n<p class=\"link-more\"><a href=\"https:\/\/rheumatologie-am-rosenberg.ch\/?page_id=210\" class=\"more-link\"><span class=\"screen-reader-text\">\u201eDr. med. Holger Frauendorf\u201c<\/span> weiterlesen<\/a><\/p>\n","protected":false},"author":2,"featured_media":0,"parent":0,"menu_order":0,"comment_status":"closed","ping_status":"closed","template":"","meta":{"footnotes":""},"class_list":["post-210","page","type-page","status-publish","hentry"],"_links":{"self":[{"href":"https:\/\/rheumatologie-am-rosenberg.ch\/index.php?rest_route=\/wp\/v2\/pages\/210","targetHints":{"allow":["GET"]}}],"collection":[{"href":"https:\/\/rheumatologie-am-rosenberg.ch\/index.php?rest_route=\/wp\/v2\/pages"}],"about":[{"href":"https:\/\/rheumatologie-am-rosenberg.ch\/index.php?rest_route=\/wp\/v2\/types\/page"}],"author":[{"embeddable":true,"href":"https:\/\/rheumatologie-am-rosenberg.ch\/index.php?rest_route=\/wp\/v2\/users\/2"}],"replies":[{"embeddable":true,"href":"https:\/\/rheumatologie-am-rosenberg.ch\/index.php?rest_route=%2Fwp%2Fv2%2Fcomments&post=210"}],"version-history":[{"count":63,"href":"https:\/\/rheumatologie-am-rosenberg.ch\/index.php?rest_route=\/wp\/v2\/pages\/210\/revisions"}],"predecessor-version":[{"id":1238,"href":"https:\/\/rheumatologie-am-rosenberg.ch\/index.php?rest_route=\/wp\/v2\/pages\/210\/revisions\/1238"}],"wp:attachment":[{"href":"https:\/\/rheumatologie-am-rosenberg.ch\/index.php?rest_route=%2Fwp%2Fv2%2Fmedia&parent=210"}],"curies":[{"name":"wp","href":"https:\/\/api.w.org\/{rel}","templated":true}]}}